tors of 90463?
61, 1483
What are the prime factors of 4234?
2, 29, 73
What are the prime factors of 121488?
2, 3, 2531
List the prime factors of 3922.
2, 37, 53
What are the prime factors of 563?
563
List the prime factors of 21704.
2, 2713
List the prime factors of 53799.
3, 79, 227
What are the prime factors of 54072?
2, 3, 751
What are the prime factors of 14212?
2, 11, 17, 19
What are the prime factors of 3721?
61
List the prime factors of 1289.
1289
List the prime factors of 9401.
7, 17, 79
What are the prime factors of 62805?
3, 5, 53, 79
List the prime factors of 42251.
11, 23, 167
List the prime factors of 33748.
2, 11, 13, 59
List the prime factors of 15093.
3, 13, 43
What are the prime factors of 13835?
5, 2767
What are the prime factors of 5378?
2, 2689
List the prime factors of 743.
743
What are the prime factors of 180675?
3, 5, 11, 73
List the prime factors of 91612.
2, 37, 619
What are the prime factors of 561?
3, 11, 17
What are the prime factors of 2948?
2, 11, 67
List the prime factors of 5843.
5843
List the prime factors of 38422.
2, 19211
List the prime factors of 6809.
11, 619
What are the prime factors of 13008?
2, 3, 271
List the prime factors of 2746.
2, 1373
List the prime factors of 28956.
2, 3, 19, 127
What are the prime factors of 11231?
11, 1021
What are the prime factors of 7929?
3, 881
What are the prime factors of 61072?
2, 11, 347
List the prime factors of 978.
2, 3, 163
List the prime factors of 8663.
8663
What are the prime factors of 30326?
2, 59, 257
What are the prime factors of 9431?
9431
What are the prime factors of 330?
2, 3, 5, 11
List the prime factors of 1987.
1987
List the prime factors of 460.
2, 5, 23
What are the prime factors of 55164?
2, 3, 4597
List the prime factors of 2605.
5, 521
What are the prime factors of 16690?
2, 5, 1669
What are the prime factors of 4?
2
What are the prime factors of 43877?
17, 29, 89
List the prime factors of 553.
7, 79
List the prime factors of 41236.
2, 13, 61
List the prime factors of 11740.
2, 5, 587
What are the prime factors of 742?
2, 7, 53
List the prime factors of 55972.
2, 7, 1999
What are the prime factors of 64086?
2, 3, 11, 971
List the prime factors of 1980.
2, 3, 5, 11
List the prime factors of 7872.
2, 3, 41
What are the prime factors of 5489?
11, 499
List the prime factors of 95646.
2, 3, 19, 839
List the prime factors of 5408.
2, 13
List the prime factors of 2143.
2143
List the prime factors of 18890.
2, 5, 1889
List the prime factors of 10467.
3, 1163
List the prime factors of 14406.
2, 3, 7
What are the prime factors of 13461?
3, 7, 641
List the prime factors of 5827.
5827
What are the prime factors of 1789?
1789
What are the prime factors of 969?
3, 17, 19
What are the prime factors of 1885?
5, 13, 29
What are the prime factors of 16142?
2, 7, 1153
List the prime factors of 78770.
2, 5, 7877
List the prime factors of 989.
23, 43
What are the prime factors of 1006?
2, 503
List the prime factors of 592.
2, 37
What are the prime factors of 1843?
19, 97
List the prime factors of 1057.
7, 151
List the prime factors of 1332.
2, 3, 37
List the prime factors of 57280.
2, 5, 179
What are the prime factors of 547?
547
What are the prime factors of 761?
761
What are the prime factors of 8128?
2, 127
What are the prime factors of 5640?
2, 3, 5, 47
List the prime factors of 33819.
3, 11273
What are the prime factors of 1368?
2, 3, 19
List the prime factors of 128660.
2, 5, 7, 919
What are the prime factors of 2117?
29, 73
What are the prime factors of 43356?
2, 3, 3613
What are the prime factors of 2011?
2011
List the prime factors of 1906.
2, 953
List the prime factors of 41603.
41603
What are the prime factors of 26309?
26309
List the prime factors of 211.
211
List the prime factors of 318.
2, 3, 53
List the prime factors of 89516.
2, 7, 23, 139
List the prime factors of 1985.
5, 397
List the prime factors of 13184.
2, 103
What are the prime factors of 806?
2, 13, 31
What are the prime factors of 8154?
2, 3, 151
List the prime factors of 32971.
32971
List the prime factors of 4589.
13, 353
What are the prime factors of 3257?
3257
What are the prime factors of 6421?
6421
List the prime factors of 71880.
2, 3, 5, 599
List the prime factors of 4664.
2, 11, 53
What are the prime factors of 183?
3, 61
What are the prime factors of 85764?
2, 3, 7, 1021
List the prime factors of 40853.
40853
List the prime factors of 1273.
19, 67
List the prime factors of 15537.
3, 5179
List the prime factors of 20656.
2, 1291
What are the prime factors of 674?
2, 337
List the prime factors of 30193.
109, 277
List the prime factors of 181393.
19, 9547
What are the prime factors of 333?
3, 37
List the prime factors of 93391.
61, 1531
What are the prime factors of 3035?
5, 607
List the prime factors of 717.
3, 239
List the prime factors of 1267.
7, 181
What are the prime factors of 3626?
2, 7, 37
List the prime factors of 17520.
2, 3, 5, 73
List the prime factors of 51031.
51031
List the prime factors of 43702.
2, 21851
What are the prime factors of 3357?
3, 373
What are the prime factors of 1195?
5, 239
List the prime factors of 2371.
2371
List the prime factors of 112.
2, 7
What are the prime factors of 1434?
2, 3, 239
List the prime factors of 8500.
2, 5, 17
What are the prime factors of 30512?
2, 1907
What are the prime factors of 1191?
3, 397
List the prime factors of 759.
3, 11, 23
List the prime factors of 1738.
2, 11, 79
List the prime factors of 7260.
2, 3, 5, 11
List the prime factors of 32559.
3, 10853
List the prime factors of 2519.
11, 229
What are the prime factors of 1713?
3, 571
What are the prime factors of 3248?
2, 7, 29
List the prime factors of 28613.
13, 31, 71
What are the prime factors of 2840?
2, 5, 71
What are the prime factors of 437?
19, 23
What are the prime factors of 62459?
62459
List the prime factors of 5231.
5231
What are the prime factors of 20285?
5, 4057
What are the prime factors of 6220?
2, 5, 311
List the prime factors of 1335.
3, 5, 89
What are the prime factors of 1295?
5, 7, 37
What are the prime factors of 84404?
2, 21101
List the prime factors of 398.
2, 199
What are the prime factors of 404?
2, 101
List the prime factors of 11973.
3, 13, 307
What are the prime factors of 182439?
3, 29, 233
List the prime factors of 850.
2, 5, 17
List the prime factors of 23352.
2, 3, 7, 139
List the prime factors of 9869.
71, 139
List the prime factors of 204.
2, 3, 17
What are the prime factors of 24005?
5, 4801
List the prime factors of 3237.
3, 13, 83
What are the prime factors of 3790?
2, 5, 379
List the prime factors of 12627.
3, 23, 61
List the prime factors of 3498.
2, 3, 11, 53
What are the prime factors of 8518?
2, 4259
What are the prime factors of 5263?
19, 277
What are the prime factors of 1252?
2, 313
What are the prime factors of 189336?
2, 3, 7, 23
List the prime factors of 1926.
2, 3, 107
What are the prime factors of 3604?
2, 17, 53
What are the prime factors of 898?
2, 449
List the prime factors of 88.
2, 11
List the prime factors of 1271.
31, 41
What are the prime factors of 9469?
17, 557
List the prime factors of 5432.
2, 7, 97
List the prime factors of 1714.
2, 857
What are the prime factors of 66262?
2, 7, 4733
List the prime factors of 2370.
2, 3, 5, 79
What are the prime factors of 9281?
9281
List the prime factors of 62032.
2, 3877
What are the prime factors of 2699?
2699
List the prime factors of 1122.
2, 3, 11, 17
List the prime factors of 633.
3, 211
List the prime factors of 4482.
2, 3, 83
What are the prime factors of 38503?
139, 277
What are the prime factors of 1884?
2, 3, 157
What are the prime factors of 2088?
2, 3, 29
List the prime factors of 6190.
2, 5, 619
List the prime factors of 137921.
7, 17, 19, 61
What are the prime factors of 465?
3, 5, 31
List the prime factors of 11128.
2, 13, 107
What are the prime factors of 67782?
2, 3, 11, 13, 79
List the prime factors of 1045.
5, 11, 19
What are the prime factors of 6218?
2, 3109
List the prime factors of 89355.
3, 5, 7, 23, 37
What are the prime factors of 4344?
2, 3, 181
List the prime factors of 2792.
2, 349
List the prime factors of 37999.
13, 37, 79
List the prime factors of 14260.
2, 5, 23, 31
What are the prime factors of 74398?
2, 37199
What are the prime 